en 21085 is divided by 2087?
215
Calculate the remainder when 117192 is divided by 2665.
2597
Calculate the remainder when 35982773 is divided by 7196551.
18
Calculate the remainder when 281761 is divided by 140763.
235
What is the remainder when 5442052 is divided by 5?
2
Calculate the remainder when 174236082 is divided by 1493.
1489
What is the remainder when 21493243 is divided by 159209?
28
What is the remainder when 256804 is divided by 21395?
64
Calculate the remainder when 71539426 is divided by 2307723.
13
What is the remainder when 73717191 is divided by 41?
11
Calculate the remainder when 208459 is divided by 11523.
1045
Calculate the remainder when 282660 is divided by 28200.
660
What is the remainder when 32735973 is divided by 51?
42
Calculate the remainder when 1013244 is divided by 80.
44
Calculate the remainder when 20700100 is divided by 106.
102
Calculate the remainder when 33374 is divided by 199.
141
What is the remainder when 130255 is divided by 798?
181
Calculate the remainder when 1450055 is divided by 59.
12
What is the remainder when 4068902 is divided by 581270?
12
What is the remainder when 17709904 is divided by 197?
195
What is the remainder when 5589634 is divided by 342?
328
Calculate the remainder when 459772 is divided by 44.
16
What is the remainder when 8185588 is divided by 6?
4
Calculate the remainder when 4005026 is divided by 277.
160
Calculate the remainder when 9247581 is divided by 16.
13
Calculate the remainder when 40906455 is divided by 37.
32
What is the remainder when 19065705 is divided by 1415?
1410
What is the remainder when 1812802 is divided by 189?
103
What is the remainder when 33079 is divided by 212?
7
Calculate the remainder when 199521772 is divided by 4433817.
7
Calculate the remainder when 1876626 is divided by 144337.
245
Calculate the remainder when 7671905 is divided by 2373.
2369
What is the remainder when 2857323 is divided by 3952?
27
Calculate the remainder when 60655 is divided by 30322.
11
Calculate the remainder when 104280297 is divided by 25.
22
What is the remainder when 1598235 is divided by 274?
267
Calculate the remainder when 83687 is divided by 38.
11
What is the remainder when 546808 is divided by 136619?
332
What is the remainder when 30792 is divided by 2388?
2136
Calculate the remainder when 415217079 is divided by 2547344.
7
What is the remainder when 307970331 is divided by 854?
851
What is the remainder when 2180715 is divided by 6945?
6930
Calculate the remainder when 16247807 is divided by 493.
6
Calculate the remainder when 4268613 is divided by 2573.
6
Calculate the remainder when 17316391 is divided by 1438.
1433
Calculate the remainder when 2228681 is divided by 172.
77
What is the remainder when 486794 is divided by 8842?
484
Calculate the remainder when 282358 is divided by 325.
258
Calculate the remainder when 827425 is divided by 827234.
191
Calculate the remainder when 9061238 is divided by 110502.
74
Calculate the remainder when 206145 is divided by 7859.
1811
Calculate the remainder when 317822114 is divided by 172.
170
Calculate the remainder when 2769007 is divided by 71000.
7
What is the remainder when 26152054 is divided by 1245335?
19
Calculate the remainder when 25691552 is divided by 145150.
2
Calculate the remainder when 3389599 is divided by 24037.
382
Calculate the remainder when 1547826 is divided by 1144.
1138
What is the remainder when 774336 is divided by 69?
18
What is the remainder when 14154194 is divided by 199353?
131
Calculate the remainder when 1235957 is divided by 1235478.
479
Calculate the remainder when 23830897 is divided by 38.
33
Calculate the remainder when 8462 is divided by 3975.
512
What is the remainder when 35885 is divided by 14169?
7547
What is the remainder when 500723871 is divided by 32?
31
What is the remainder when 6418491 is divided by 23?
19
Calculate the remainder when 225742 is divided by 150.
142
What is the remainder when 1584597 is divided by 791263?
2071
Calculate the remainder when 69925 is divided by 7764.
49
What is the remainder when 7895073 is divided by 96?
33
What is the remainder when 6505 is divided by 139?
111
Calculate the remainder when 116943024 is divided by 1153.
1152
What is the remainder when 847981 is divided by 93?
7
Calculate the remainder when 918995 is divided by 737.
693
Calculate the remainder when 81540 is divided by 19823.
2248
Calculate the remainder when 728015 is divided by 4919.
3
Calculate the remainder when 139532 is divided by 133401.
6131
Calculate the remainder when 490411 is divided by 97973.
546
What is the remainder when 92147 is divided by 30648?
203
What is the remainder when 1413332 is divided by 32868?
8
What is the remainder when 175866 is divided by 6264?
474
What is the remainder when 176833837 is divided by 1511?
1507
What is the remainder when 3045360 is divided by 132406?
22
What is the remainder when 27983 is divided by 5290?
1533
What is the remainder when 1534374 is divided by 221?
192
Calculate the remainder when 497594 is divided by 98.
48
Calculate the remainder when 214002 is divided by 429.
360
What is the remainder when 85084624 is divided by 193?
188
What is the remainder when 5778575 is divided by 722317?
39
Calculate the remainder when 2053928 is divided by 1634.
1624
Calculate the remainder when 14314074 is divided by 183.
180
Calculate the remainder when 833177 is divided by 114.
65
What is the remainder when 5770077 is divided by 2337?
24
Calculate the remainder when 1855390 is divided by 672.
670
What is the remainder when 93210 is divided by 30684?
1158
Calculate the remainder when 409275 is divided by 17760.
795
What is the remainder when 1057461103 is divided by 29?
28
What is the remainder when 1524838 is divided by 44845?
108
Calculate the remainder when 1077902 is divided by 31.
1
What is the remainder when 9305635 is divided by 2251?
1
Calculate the remainder when 61283657 is divided by 25.
7
What is the remainder when 27281773 is divided by 1537?
23
What is the remainder when 16229 is divided by 8108?
13
Calculate the remainder when 2395310 is divided by 556.
62
Calculate the remainder when 1323358 is divided by 3561.
2227
Calculate the remainder when 128630 is divided by 1392.
566
What is the remainder when 84849998 is divided by 250?
248
Calculate the remainder when 72511339 is divided by 74.
71
What is the remainder when 2061590 is divided by 123?
110
Calculate the remainder when 1213367829 is divided by 290.
289
Calculate the remainder when 55537 is divided by 6892.
401
Calculate the remainder when 604373 is divided by 894.
29
What is the remainder when 263869 is divided by 25?
19
What is the remainder when 57502 is divided by 2141?
1836
What is the remainder when 1698224 is divided by 1698011?
213
What is the remainder when 3034928 is divided by 482?
256
Calculate the remainder when 38870246 is divided by 380.
46
What is the remainder when 25606750 is divided by 2560674?
10
Calculate the remainder when 130347 is divided by 32511.
303
What is the remainder when 95971620 is divided by 24?
12
Calculate the remainder when 313959 is divided by 513.
3
Calculate the remainder when 57584 is divided by 18077.
3353
What is the remainder when 16959414 is divided by 16959406?
8
Calculate the remainder when 5203108 is divided by 473008.
20
What is the remainder when 553086 is divided by 110379?
1191
Calculate the remainder when 3652853 is divided by 1467.
23
What is the remainder when 583052 is divided by 216?
68
What is the remainder when 1870008137 is divided by 110?
107
Calculate the remainder when 9699783 is divided by 312.
15
Calculate the remainder when 2529812 is divided by 1489.
1
What is the remainder when 801494 is divided by 66760?
374
What is the remainder when 94617 is divided by 2246?
285
What is the remainder when 975851 is divided by 22689?
224
Calculate the remainder when 34726 is divided by 30826.
3900
Calculate the remainder when 10427277 is divided by 46343.
102
Calculate the remainder when 728432 is divided by 3156.
2552
What is the remainder when 23508 is divided by 11572?
364
What is the remainder when 2533147 is divided by 361?
10
What is the remainder when 72295077 is divided by 6292?
6289
What is the rem